j = 2*j + 38. Let x(i) = -i**3 - 7*i**2 - 8*i - 7. Let r be x(-6). Suppose 0 = -r*p - 4 + j. What is the units digit of p?
3
Let w(s) = s**3 + 3*s**2 - 3*s + 4. Let a be w(-4). Let x(y) = y**3 + y**2 + 1. Let v be x(a). Let r = 4 + v. What is the units digit of r?
5
Let w(r) = r**3 - 20*r**2 + 16*r - 23. What is the hundreds digit of w(20)?
2
What is the units digit of 137 - 9*(-3)/(-9)?
4
Suppose -4*f - 748 = -4*s, 5*s + 7*f - 2*f = 935. What is the units digit of s?
7
Let a(v) be the first derivative of v**4/4 + 8*v**3/3 + v**2/2 + 7*v - 2. Let k be a(-8). Let z = 3 + k. What is the units digit of z?
2
Suppose 0 = 2*v - 112 - 116. What is the hundreds digit of v?
1
Let z(k) be the second derivative of -4*k**3/3 - 2*k**2 - 8*k. What is the units digit of z(-5)?
6
Let o(u) = u**2 + 8*u - 8. Let q be o(-9). Let j(k) = 5 - 2 + k + k**2 + 12*k + q. What is the units digit of j(-14)?
8
Let d(v) = -v - 1. Let w(s) = -2*s - 1. Suppose 0*z - 2*z = 10. Let m(h) = z*w(h) + 7*d(h). What is the tens digit of m(5)?
1
Let j = -11 + 16. Suppose 10*u - 40 = j*u. What is the units digit of u?
8
Suppose 2*j + 66 = -j. Let z = j - -36. What is the tens digit of z?
1
Let p(j) = -2*j**3 + 5*j - 3. Let g be p(-5). Let r be 2/(-7) + g/42. Suppose 6*c - 5 = -4*v + c, 0 = r*c + 15. What is the units digit of v?
5
Suppose 3*z - 16 = 35. Suppose z = r + 2. What is the tens digit of r?
1
Suppose 4*c + 4*b + 97 = 5*c, 0 = 2*c + 3*b - 205. What is the tens digit of c?
0
Suppose 3*z - 5*x - 33 - 60 = 0, 2*x = 5*z - 155. Suppose 3*i - z = -7. What is the units digit of i?
8
Suppose 2*v = 4*b - 2, -v - 14 = 3*v + 2*b. Let m = v - -4. What is the units digit of 9*2/6*m?
3
Suppose u + 6 = -18. Let k = u + 66. What is the tens digit of k?
4
What is the tens digit of 59/((-2)/8*-4)?
5
Suppose 6*r + 144 = 402. What is the units digit of r?
3
Let u(r) = r. Let i be u(2). Suppose 5*l - 3*l = 5*k - 38, 2*k - 5*l = 11. Suppose 5*z = y + 17 - 6, 0 = i*y - k. What is the units digit of z?
3
What is the hundreds digit of (-3)/(-9) - 1/(12/(-1772))?
1
Let o = -70 - -196. What is the tens digit of o?
2
Let j(v) = -20*v - 68. What is the hundreds digit of j(-10)?
1
Suppose -5*d = -6*d - 5*c + 125, 5*d - 665 = -5*c. What is the tens digit of d?
3
Let d be (-130)/25 - 1/(-5). Let q = 25 + d. What is the units digit of q?
0
Let p(x) = -x - 17 - x**2 + 18 + 28. What is the tens digit of p(0)?
2
Let h be (2/(-3))/(5/(-45)). Suppose 2*q - h = 4. Suppose g - q = -3*c, -5*g + 2*c + 45 = -3*c. What is the units digit of g?
8
Let c(w) = -3*w**2 - 4*w + 14. Let r(v) = -v**2 - v + 1. Let t(b) = -c(b) + 4*r(b). Let o be t(0). What is the units digit of (-4)/o + 66/10?
7
Let s(j) = -j**3 - 6*j**2 - 9*j - 8. Let b(u) = 2*u + 8. Let o be b(-7). Let h be s(o). Suppose -c = 3*r - h, r - 3*c - 2 - 20 = 0. What is the tens digit of r?
1
Let o(u) = -5*u**3 + 4*u**2 + 5*u + 5. What is the tens digit of o(-2)?
5
Let h be 2 + -2*1 - -79. Suppose 4*p - 65 = h. Suppose 24 = 5*w - p. What is the units digit of w?
2
Let o = 3 + -4. Let i = o - -3. Suppose 2*h - i*l = -0*l + 20, 3*h - 15 = -2*l. What is the units digit of h?
7
Let p(l) = -l**2 + 9*l + 3. Suppose -a - 5 = -13. What is the units digit of p(a)?
1
Suppose 3*u = 8*u - 195. What is the tens digit of u?
3
Let s(f) = 2*f - 4. Suppose -o + 7 = 3. What is the units digit of s(o)?
4
Let g(k) = 12*k + 2. Let u be g(-7). Let o be u/7 - (-4)/(-14). Let s = -6 - o. What is the units digit of s?
6
Suppose 0 = -m + 2*m - 4*w - 8, -2*w - 4 = 0. Let h be m/((-9)/(-3)) - -2. Suppose -z = -5*x - 2, -8 + h = -3*z + x. What is the units digit of z?
2
Suppose -28 = -2*m - x - 7, 11 = 2*m - x. What is the units digit of m?
8
Suppose -1 = -y + 35. Let k be 4 - 12/(9/3). Suppose k*r = -3*r + y. What is the tens digit of r?
1
Suppose u - 5*u + 5*j + 376 = 0, -5*u + 5*j + 465 = 0. Let i = u - 58. What is the units digit of i?
1
Let f be 9/(-12) - 14/(-8). Suppose 0 = 4*l + f - 117. What is the units digit of l?
9
What is the units digit of 36 + 3 + 5/5?
0
Let p(r) = 3*r**2 - 9*r + 1. Let u be p(6). Suppose 5*t = 4*t + 3*o - 6, 5*t - u = -2*o. What is the units digit of t?
9
Suppose 4*d = 5*y - 73, d - 2*y = -0*y - 22. Let r = 6 - d. What is the units digit of r?
8
Let t be (-2)/(-3) + (-2)/3. Suppose -3*w = -2*w - 5. Suppose t = -5*h + w + 5. What is the units digit of h?
2
Let v = -6 + 6. Suppose -x - 4*z + 4 + 9 = v, -z - 52 = -3*x. What is the units digit of x?
7
Suppose 3*j + 250 = 8*j. What is the units digit of j?
0
Suppose n - 4*r - 11 = 0, -2*n = n - 5*r - 54. What is the tens digit of n?
2
Suppose -3*k = -0*k - 51. Let q = -10 + k. Suppose q = o - 1. What is the units digit of o?
8
Let b = 3 - 1. Suppose -2*u + b = -10. What is the units digit of u?
6
Let v be 16/(-6)*(-3)/2. Suppose -v - 8 = -4*i. Suppose -17 = 2*l - 5*p, -i*l - 5*p + 34 = -3. What is the units digit of l?
4
Let i = -10 - -14. Suppose -27 = i*w - 3. Let u(c) = -c**3 - 5*c**2 + 6*c + 3. What is the units digit of u(w)?
3
Suppose -210 = -4*g + 26. What is the tens digit of g?
5
Suppose -9 = a - 241. What is the units digit of a?
2
Let l(d) = 5*d + 21. What is the tens digit of l(7)?
5
Let f(a) = -4*a + 10. What is the units digit of f(-18)?
2
Let v(h) = h**2 + 7*h + 5. What is the tens digit of v(4)?
4
What is the units digit of 162/8 + (-6)/24?
0
Suppose x + s = -2*x - 3, 4*x + s + 4 = 0. Let q = -1 - x. Suppose 2*d - 6 - 18 = q. What is the units digit of d?
2
Let y be 2/10 - (-24)/(-20). What is the units digit of -1 + y - (-46 - -2)?
2
Suppose l + 8 = 15. What is the units digit of l?
7
Let k = 52 - 30. What is the tens digit of k?
2
Suppose l = 3*l - 12. What is the units digit of l + 0 + 6/(-3)?
4
Let i be 0 + 2 + 27 - -1. Let d = i + -21. Suppose 2*r = -3*m + 50, d = 3*m + 4*r - 43. What is the units digit of m?
6
Let l be 2 - (3 + -2) - -2. Suppose 54 = l*a - d + 3*d, 4*a = -3*d + 73. Suppose -4*f = -a - 16. What is the units digit of f?
8
Suppose 10 = q - 8*r + 3*r, 5*q + 2*r = 50. What is the units digit of q?
0
Suppose -6*p - 4*o = -7*p + 406, -p = 2*o - 418. What is the tens digit of p?
1
Suppose -3*s + s = -4*x + 98, -3*x + s + 75 = 0. What is the tens digit of x?
2
Suppose 8*o - 375 = 3*o - 2*f, 0 = o - f - 82. Suppose -2*s = 2*a + 3*s - o, -5*a = 4*s - 167. What is the tens digit of a?
3
Suppose 30 = -5*p + 160. Suppose k - 3*k = -p. What is the units digit of k?
3
Let w = -86 + 170. What is the tens digit of w?
8
Let m(c) = c**3 + c + 2. Let q be m(-2). What is the tens digit of (-94)/q + (-3)/(-12)?
1
Suppose 0*d = -2*d - 24. Let b(p) = -p**2 + 7*p + 8. Let j be b(8). What is the units digit of d*(j - (-6)/(-9))?
8
Suppose 5*g - 286 - 9 = 0. What is the tens digit of g?
5
Let k be -6 + 9 - 3/(-1). Let g = k + 12. What is the units digit of g?
8
Let p be (-12)/(-10)*(-1 + -4). Let s(d) = -d**2 - 4*d + 3. Let x be s(p). What is the units digit of 24/x*9/(-4)?
6
Suppose -3*r = r. Suppose 4*y - y - 15 = r. Suppose -10 = -y*v - 0*v. What is the units digit of v?
2
Suppose 3*u - 138 = -f - u, 5*f + 5*u - 735 = 0. Suppose 3*v = f + 15. Suppose v = 5*z - 0*z. What is the units digit of z?
1
Let o(m) = -m**2 + 6*m + 6. Let k = -4 - -2. Let j = k - -8. What is the units digit of o(j)?
6
Let q(w) = -w**3 - w**2 - 1. Let m(p) = -4*p**3 - 5*p**2 + p - 6. Let y(i) = m(i) - 6*q(i). What is the units digit of y(2)?
2
Let l(k) = 14*k**2 + 5*k - 19. What is the units digit of l(3)?
2
What is the tens digit of (79 - -1)/(-5 - -6) - -3?
8
Let z = 136 + -108. What is the units digit of z?
8
Let c(q) = 2*q + 6. What is the tens digit of c(6)?
1
Let l(w) = 2*w - 9. Let c be l(6). Let t = c - -6. What is the units digit of t?
9
Suppose q + 36 = -2*q. What is the units digit of q/(-9)*(-54)/(-4)?
8
Suppose -5*g = 5*n - 335, -3*g - g + 2*n + 238 = 0. What is the tens digit of g?
6
Let z = -6 - -4. What is the units digit of 10 - -2*1/z?
9
Let p be (-2)/(2*3/(-18)). Suppose 2*t + 2*x - 24 = 0, -2*x + 3 = -1. Suppose -f = -p*f + t. What is the units digit of f?
2
Suppose -2*z + 7*z - 15 = 0. Suppose z*s - 1 = 2*u, 4*s + 1 + 3 = 4*u. Suppose u*r + 6 = 34. What is the units digit of r?
7
Suppose -3*j + 24 = j. What is the tens digit of (22 - 0) + (j - 4)?
2
Suppose -3*z = -4*d + 143, 3*z + 15 = -0*z. Suppose 0*a 